vative of -h**5/30 + h**4/4 + 19*h**3 + 112*h**2 - 11. Determine t(9).
6
Let j(z) = -2*z**3 + 6*z**2 - 2*z - 20. Let d(s) = s**3 - 3*s**2 + s + 9. Let y(k) = -9*d(k) - 4*j(k). Let a be 2 + 0 + -2 + 3. Determine y(a).
-4
Let q(b) = -b**3 - 6*b**2 - b + 5. Suppose -556*g + 552*g + 352 = 0. Suppose -12*h = -28 + g. Determine q(h).
-15
Let c(i) = 52*i + 555. Let d(a) = -49*a - 523. Let u(n) = 17*c(n) + 18*d(n). Let b = 6 - 14. What is u(b)?
5
Let m(t) = -7*t + 25. Let q = -14194 + 14198. Calculate m(q).
-3
Let f(v) = 42 + 3*v**2 + 201*v + 76 - 4*v**2 - 199*v. Calculate f(0).
118
Let s(q) = -49*q - 8. Let z(r) = 8*r + 1. Let d(k) = s(k) + 6*z(k). Suppose 6*b + 11 = -1. What is d(b)?
0
Let m = 341 + -335. Let n(r) = 8*r**2 + 3*r - 8. Let d(z) = -7*z**2 - 4*z + 7. Let t(q) = m*n(q) + 7*d(q). What is t(-9)?
10
Let v(q) = -q**3 + 10*q**2 - 23*q - 14. Let n be v(6). Let s(d) = -d**2 - 5*d + 40. Determine s(n).
16
Let g(l) = l**3 + l**2 + l - 2. Let d be g(0). Let u = -46 - -50. Let t(q) = -2 + 2*q**2 - u*q - 5 + 0 + 5 - 4*q**2. What is t(d)?
-2
Let w be 76/(-16) - (-21)/28. Let x(m) = 17*m + 3. Determine x(w).
-65
Let f(h) = -9*h - 8. Suppose -573*x = -597*x + 72. What is f(x)?
-35
Let q(x) be the third derivative of 1/3*x**3 + 49*x + 0 - 1/4*x**4 + 1/60*x**5 + x**2. Let h be (-47)/(-9) + (-2)/9. What is q(h)?
-3
Let v(a) = 0 + 0*a - 2*a + 3 + 1 - 3. Give v(-1).
3
Let t(r) = -r**3 - 23*r**2 + 53*r + 68. Let c be t(-25). Let h be c + 10 + -7 - -10. Let g(y) = y**3 - 6*y**2 + 3*y. Determine g(h).
18
Let n(j) = 2*j + 2. Let i(r) = -r + 13. Suppose 2*v - 28 = -3*p, 3*p - 2*v + 5*v = 24. Let k be i(p). Let g(q) = 1. Let f(w) = k*n(w) + 2*g(w). Give f(-4).
-4
Let q(b) be the first derivative of -b**3/3 + 3*b**2 - 8*b - 8985. What is q(2)?
0
Suppose 3*g + 2*j = 0, 19 = 2*g + 3*g - 3*j. Suppose 0 = 2*h - h - g. Suppose -p = h*z + 3, 4*p + z - 16 = p. Let r(u) = -u + 1. Calculate r(p).
-6
Let m(k) = -k + 1. Let l(c) = 15*c + 4. Let z(b) = l(b) - 4*m(b). Let n(f) = -4*f - 12. Let p be n(-2). Let g be (-18)/27*(-6)/p. Determine z(g).
-19
Let g(b) be the first derivative of -11*b**2 - 289*b + 6532. What is g(-13)?
-3
Suppose -1 = -12*u + 11*u. Let i(x) = 9*x - 3*x - u - 8*x + 8*x + x**2 + 0*x. Suppose 32 = -3*w + 11. Give i(w).
6
Let g(w) = -4*w**2 - 13*w + 9. Let b = 235 - 240. Let o(c) = -7*c**2 - 25*c + 18. Let l(m) = b*g(m) + 3*o(m). What is l(-11)?
-2
Let z(a) = -2*a + 3. Let t be z(2). Let q(g) = -g + 19*g**2 - 18*g**2 - 9 + 5*g**3 + 30*g**3 - 4*g**3 + 8. Give q(t).
-30
Let a(v) be the third derivative of 0 + 216*v**2 - 1/60*v**5 + 0*v - 1/12*v**4 + 5/6*v**3. What is a(-3)?
2
Let o = -52 + 88. Let l(x) = -4 + 39*x**2 - 4*x + o*x**2 - 77*x**2. What is l(-3)?
-10
Let f(a) = -10*a**2 - 3*a - 2. Let w = -4014 + 4011. What is f(w)?
-83
Suppose 0 = -4*n + 3*s - 94, 438*n + 26 = 436*n - 2*s. Let x(c) = 8*c + 149. Give x(n).
-3
Let j = -4091 - -4091. Let c be 9/(-27) - 10/(-3). Let n(t) = 0 + 0*t + t + c. Determine n(j).
3
Let m(k) = k**3 - 28*k**2 - 27*k - 49. Let r be m(29). Let w(a) = -a**3 + 8*a**2 + 10*a - 5. Give w(r).
4
Let f(y) = -y**3 - 2*y**2 + 3*y. Let c be 3/6*(0 - -4). Calculate f(c).
-10
Let u = -2/25867 - -51740/77601. Let f(k) be the first derivative of 0*k**2 - 17 + k - u*k**3. What is f(-2)?
-7
Let b(o) = -1586*o - 1 + 0*o**2 + o**2 + 1587*o. Suppose 2*j = -j. Determine b(j).
-1
Let z(p) = 2*p**2 + 135355*p + 135353*p + 135355*p - 406061*p + 0 - 1. Let g be 0*2/(-4) - -2. Determine z(g).
11
Let c(r) = r**2 + 2*r - 5. Let m(n) = -n**3 + 13*n**2 + n - 31. Let h(k) = -5*c(k) + m(k). Calculate h(6).
12
Let v(m) be the third derivative of -m**5/60 + 4*m**4/3 - 15*m**3 - 1088*m**2. Calculate v(29).
-3
Let j(n) = -n**3 - 6*n**2 - 6*n - 4. Suppose 19 = -6*k - 13*k. Let i be k + 7/((-35)/25). Determine j(i).
32
Let z(f) = 70*f**3 + 2*f**2 - 2689*f - f**2 + 1347*f + 1344*f. Determine z(-1).
-71
Let n(j) = -60*j**2 + 66*j**2 + 9 + 547*j**3 + 6 - 548*j**3. Calculate n(6).
15
Let n(h) = -h**2 - 38*h - 280. Let j be n(-28). Let y(l) = -3*l + 19. What is y(j)?
19
Let l = -2 + 3. Let d be (-44)/550 - 104/(-50). Let v(m) = -d*m**3 - 80*m - 79*m + 1 + 0*m**3 - 2*m**2 + 159*m. Calculate v(l).
-3
Let v = 48718 + -48716. Let a(x) be the third derivative of x**6/120 + x**4/24 - x**3/6 + 2*x**2. What is a(v)?
9
Let z be ((-10)/20)/((-1)/2). Let h(q) = q**2 - 8*q + 10. Let r be h(7). Let p(x) = 237*x**r + 4*x - 2*x**2 - 234*x**3 - 3*x. What is p(z)?
2
Let b(g) = g**3 - 12*g**2 + 14*g - 37. Let a be b(11). Let k be a/(-8)*(-2 + (1 - 5)). Let s(n) = n + 4. Give s(k).
1
Suppose 9 = -8*m - 31. Let v(y) be the third derivative of y**6/120 + y**5/20 - 5*y**4/24 + 2*y**3/3 + 34*y**2 - 5. Calculate v(m).
-21
Suppose 0 = 2*a + 5*k + 28, 2*k = a + 1142 - 1155. Let v(t) be the second derivative of -a + 19*t + t**2 + 1/6*t**3. Give v(-6).
-4
Suppose 3*a + a = 28. Let n(x) be the first derivative of x**5/20 - 7*x**4/12 + x**3/6 + 4*x + 22. Let r(g) be the first derivative of n(g). Determine r(a).
7
Let j(z) = -3*z + 30. Let k(v) = -v + 10. Let y(i) = -6*j(i) + 17*k(i). Suppose 0 = -2*c + 2*t + 16, 0*c + 3*c - 9 = -2*t. Determine y(c).
-5
Let f(t) = -t**3 - 2 - 31*t + 10 + 4858*t**2 - 4826*t**2. Let u be f(31). Let v(j) = -2*j - 4. Give v(u).
-20
Let d(h) = h**2 + 6*h - 11. Suppose s + 21*s + 36 = -294. Give d(s).
124
Suppose 25*k = 8 + 67. Suppose 4*g + g = 15. Let q(w) = -2 + 4 - 3 + w**2 - g*w. Give q(k).
-1
Let o be 16/44 + (-684)/66. Let n be 252/(-140)*o/(-3). Let x(k) = 4*k - 3 - k - 4*k. What is x(n)?
3
Suppose 0 = 5*o - 4*g - 30, 0*o + 29 = 2*o - 5*g. Let f(x) = 0 + 2*x**3 - 3*x**3 - 6*x**o + x - 14 + 13*x**2. Calculate f(7).
-7
Let x = -195 + 191. Let n(k) = k**2 + 3*k - 6. Let t(h) = -h**2 - h + 5. Let f(i) = x*n(i) - 5*t(i). Suppose 2*u - 5 = 1. Calculate f(u).
-13
Let r be 6 + 4*(-21)/28. Let t(z) be the third derivative of 0*z + 3*z**2 - 1/3*z**3 + 1/8*z**4 + 0. Determine t(r).
7
Let h(x) be the first derivative of x**5/15 - x**4/6 + 5*x**3/6 - 83*x**2/2 - 226. Let a(l) be the second derivative of h(l). Calculate a(2).
13
Let y(v) = -2*v + 13. Suppose h + 13 = 2*p, 1372*h = 1374*h + p + 1. What is y(h)?
19
Let f(v) = 2*v**2 - 1852 - v + 1855 + v**2 - 606*v**3 + 607*v**3. Let k(z) = z - 4. Suppose -6 = -c + 3*c + 3*s, -2 = s. Let d be k(c). Determine f(d).
-9
Let y(s) = -s**3 + 3*s**2 - s + 3*s**2 + 583 - 579 - 4*s - 2*s**2. Calculate y(3).
-2
Let l(h) = 6*h - 1. Let a be l(1). Suppose -4*c = -a*c + 4. Let z(m) = c*m + 5 - 5 - 2. Determine z(-4).
-18
Let l(t) = -t**3 - 28*t**2 - 31*t - 107. Let x be l(-27). Let b(j) = 25*j**3 + 2*j**2 - j. Determine b(x).
26
Let b(o) = 2*o**2 - o - 138. Suppose -144*q - 24 = -142*q - 3*r, -5*q + 5*r = 40. What is b(q)?
-138
Let p(h) be the second derivative of h**5/20 + 7*h**4/2 + 77*h**3/6 - 57*h**2 - 154*h + 3. Determine p(-40).
6
Let y = -4500 + 4506. Let b(r) be the third derivative of r**6/120 - 7*r**5/60 + r**4/4 - 3*r**3/2 - 2*r**2. Calculate b(y).
-9
Let p(j) = 6 - 17*j + 1 + 8 + 37*j - 18*j. What is p(-7)?
1
Let l = 64 + -67. Let b(o) = 5*o**2 + 3*o. Calculate b(l).
36
Let k(b) be the second derivative of 0 + 0*b**3 + 5/24*b**4 - 3/2*b**2 - 8*b + 1/60*b**5. Let o(h) be the first derivative of k(h). Calculate o(-6).
6
Let y(s) be the second derivative of -s**4/3 - s**3 + s**2/2 + 892*s. Give y(-3).
-17
Let n(w) = 2*w**3 - w**2 - 2*w - 1. Let a(z) = -z**2 - 12*z - 5. Let t be a(-12). Let j be (-20)/50 + (-37)/t. Suppose j*m + 7 + 0 = 0. What is n(m)?
-2
Let b(j) = -7*j - 427. Let o(d) = -5*d - 287. Let a(k) = 5*b(k) - 8*o(k). Give a(-33).
-4
Let z(s) = -s**3 + 8*s**2 + 10*s - 8. Let b = -34 - -58. Suppose 10 = -b*d + 19*d. Let v(u) = u**3 - u + 1. Let i(p) = d*v(p) - z(p). Determine i(-6).
-18
Let b(w) = w + 15. Let k be b(-5). Suppose k = -3*o + 28. Let z(p) = -o*p**2 - 5 + 32*p**3 + 30*p**3 + 6*p - 63*p**3. Give z(-7).
2
Let m(y) = -y**3 - 10*y**2 - 5*y + 46. Let n be m(-6). Let x = n - -72. Let b(s) = s**3 - 4*s**2 + 3*s + 2. What is b(x)?
14
Let x(o) = 3*o - 12. Let w be x(6). Let s(r) = 10*r - 4*r + r + 7 - w*r. Let p(n) = n**2 + 6*n + 5. Let y be p(-4). Give s(y).
4
Suppose k - 16 = 2*x - 53, 2*x + k = 23. Let y(o) = -2*o**2 + 25*o + 70. Determine y(x).
-5
Let m(f) = -22*f - 104. Let p be (4/(-4) + 7 - 20) + 9. What is m(p